vided by 568?
90
Calculate the remainder when 333388 is divided by 6405.
328
What is the remainder when 2267697 is divided by 2286?
2271
What is the remainder when 178779892 is divided by 116?
112
What is the remainder when 121737 is divided by 828?
21
Calculate the remainder when 174153612 is divided by 14473.
3
What is the remainder when 34308 is divided by 16602?
1104
Calculate the remainder when 413326 is divided by 826.
326
Calculate the remainder when 481106 is divided by 7759.
48
Calculate the remainder when 130180 is divided by 8061.
1204
What is the remainder when 88458434 is divided by 89?
88
What is the remainder when 543425 is divided by 448?
1
What is the remainder when 4299066 is divided by 69335?
296
Calculate the remainder when 1325742 is divided by 266.
264
What is the remainder when 5743154 is divided by 2871572?
10
Calculate the remainder when 27615479 is divided by 436.
111
Calculate the remainder when 21956646 is divided by 524.
522
What is the remainder when 75746 is divided by 350?
146
What is the remainder when 43719 is divided by 3686?
3173
Calculate the remainder when 71655 is divided by 67066.
4589
What is the remainder when 1086940 is divided by 1874?
20
Calculate the remainder when 6832542 is divided by 636.
630
Calculate the remainder when 46392 is divided by 15121.
1029
Calculate the remainder when 496411 is divided by 17727.
55
What is the remainder when 206369 is divided by 1005?
344
Calculate the remainder when 338269 is divided by 22528.
349
What is the remainder when 17691 is divided by 242?
25
Calculate the remainder when 61104 is divided by 417.
222
Calculate the remainder when 607738 is divided by 33763.
4
What is the remainder when 40066 is divided by 4209?
2185
What is the remainder when 382848 is divided by 1866?
318
What is the remainder when 63056 is divided by 5700?
356
What is the remainder when 1359670 is divided by 271925?
45
What is the remainder when 114607 is divided by 79?
57
Calculate the remainder when 1102966 is divided by 15109.
9
What is the remainder when 3838 is divided by 3778?
60
Calculate the remainder when 131165 is divided by 531.
8
What is the remainder when 273352 is divided by 6339?
775
Calculate the remainder when 40396689 is divided by 42.
39
What is the remainder when 2736410 is divided by 28?
26
Calculate the remainder when 2667929 is divided by 132.
77
What is the remainder when 131495 is divided by 821?
135
What is the remainder when 2987303 is divided by 482?
349
What is the remainder when 2699783 is divided by 48?
23
Calculate the remainder when 19395263 is divided by 1207.
1187
Calculate the remainder when 639450 is divided by 353.
167
What is the remainder when 865403 is divided by 1696?
443
What is the remainder when 3969660 is divided by 441072?
12
What is the remainder when 158076256 is divided by 52692084?
4
What is the remainder when 738550 is divided by 6823?
1666
What is the remainder when 438046 is divided by 87587?
111
Calculate the remainder when 76072591 is divided by 20.
11
What is the remainder when 117425 is divided by 55?
0
Calculate the remainder when 691141743 is divided by 389.
386
Calculate the remainder when 404315692 is divided by 417.
415
Calculate the remainder when 460078 is divided by 167.
160
What is the remainder when 3517 is divided by 1381?
755
What is the remainder when 9736 is divided by 7505?
2231
Calculate the remainder when 1273573 is divided by 22738.
245
Calculate the remainder when 32266936 is divided by 240798.
4
Calculate the remainder when 43382323 is divided by 542279.
3
What is the remainder when 84067589 is divided by 4138?
4119
Calculate the remainder when 36171 is divided by 7224.
51
Calculate the remainder when 63302154 is divided by 170167.
30
Calculate the remainder when 2946616 is divided by 282.
280
Calculate the remainder when 1023677 is divided by 2255.
2162
What is the remainder when 1452313 is divided by 363018?
241
Calculate the remainder when 28116940 is divided by 330787.
45
Calculate the remainder when 1554333 is divided by 432.
429
Calculate the remainder when 253029 is divided by 214.
81
Calculate the remainder when 27777 is divided by 1601.
560
What is the remainder when 6075530 is divided by 37?
19
Calculate the remainder when 103795822 is divided by 49.
4
What is the remainder when 3514447 is divided by 2941?
2893
What is the remainder when 205434 is divided by 68422?
168
Calculate the remainder when 217743 is divided by 70389.
6576
Calculate the remainder when 75851509 is divided by 2794.
2791
Calculate the remainder when 9671330 is divided by 607.
606
Calculate the remainder when 36081871 is divided by 2063.
1
What is the remainder when 2977827 is divided by 459?
294
What is the remainder when 1931154 is divided by 856?
18
What is the remainder when 1568854 is divided by 10?
4
What is the remainder when 1049185 is divided by 131148?
1
What is the remainder when 1427961 is divided by 52?
41
What is the remainder when 8454 is divided by 1612?
394
Calculate the remainder when 18595361 is divided by 82646.
11
Calculate the remainder when 6948785 is divided by 378.
11
What is the remainder when 31422 is divided by 1598?
1060
Calculate the remainder when 86143436 is divided by 15.
11
What is the remainder when 208891 is divided by 3119?
3037
Calculate the remainder when 554281505 is divided by 1012.
1009
Calculate the remainder when 53831 is divided by 2554.
197
Calculate the remainder when 31038205 is divided by 1995.
1990
What is the remainder when 60169210 is divided by 1365?
10
Calculate the remainder when 56029633 is divided by 22.
11
Calculate the remainder when 61586087 is divided by 31.
30
What is the remainder when 167513 is divided by 83754?
5
What is the remainder when 57689 is divided by 19209?
62
What is the remainder when 171414 is divided by 6177?
4635
Calculate the remainder when 82808749 is divided by 16.
13
Calculate the remainder when 523304 is divided by 523235.
69
Calculate the remainder when 374400196 is divided by 20.
16
What is the remainder when 3546085822 is divided by 2052?
2050
Calculate the remainder when 437464 is divided by 413.
97
Calculate the remainder when 79781 is divided by 634.
531
Calculate the remainder when 35859336 is divided by 6231.
6162
What is the remainder when 113948396 is divided by 27?
26
What is the remainder when 4112793 is divided by 186945?
3
What is the remainder when 60951 is divided by 7543?
607
What is the remainder when 86113279 is divided by 440?
439
Calculate the remainder when 209741 is divided by 14.
7
What is the remainder when 646401 is divided by 3495?
3321
What is the remainder when 8646127 is divided by 9130?
17
Calculate the remainder when 142912 is divided by 47352.
856
What is the remainder when 107347 is divided by 8552?
4723
What is the remainder when 6696347 is divided by 135?
77
Calculate the remainder when 8135981 is divided by 903993.
44
Calculate the remainder when 6139243 is divided by 2636.
2635
Calculate the remainder when 2578296 is divided by 763.
119
Calculate the remainder when 159514 is divided by 49.
19
Calculate the remainder when 3340977 is divided by 92.
89
Calculate the remainder when 62975 is divided by 1494.
227
Calculate the remainder when 881476064 is divided by 2411.
2409
Calculate the remainder when 38109 is divided by 1514.
259
What is the remainder when 587572348 is divided by 27?
22
What is the remainder when 1371062 is divided by 203?
0
What is the remainder when 17951776 is divided by 1055985?
31
Calculate the remainder when 95982864 is divided by 406.
404
What is the remainder when 1929915 is divided by 643278?
81
Calculate the remainder when 132377 is divided by 46.
35
What is the remainder when 114215 is divided by 510?
485
Calculate the remainder when 265838 is divided by 648.
158
What is the remainder when 110763 is divided by 4733?
1904
What is the remainder when 2940593 is divided by 2940509?
84
Calculate the remainder when 523408 is divided by 1076.
472
Calculate the remainder when 4963494 is divided by 709067.
25
What is the remainder when 5055212049 is divided by 99?
96
Calculate the remainder when 25436295 is divided by 715.
170
What is the remainder when 23992625 is divided by 7997532?
29
Calc